{"id":16935,"date":"2025-10-15T11:00:21","date_gmt":"2025-10-15T09:00:21","guid":{"rendered":"https:\/\/www.magnolioworld.com\/green-ch\/?post_type=product&#038;p=16935"},"modified":"2025-10-15T18:33:39","modified_gmt":"2025-10-15T16:33:39","slug":"doterra-frankincense-stick-naio-wood","status":"publish","type":"product","link":"https:\/\/www.magnolioworld.com\/green-ch\/doterra-frankincense-stick-naio-wood\/","title":{"rendered":"doTERRA Frankincense Stick + Naio Wood"},"content":{"rendered":"<p><strong>doTERRA Frankincense Stick + Naio Wood<\/strong> &#8211;\u00a0 Die sanfte Regeneration f\u00fcr Haut und alle Sinne<\/p>\n<p>Die Kombination des wertvollen Weihrauch mit dem falschen Sandelholz (Naio Wood) pflegt und regeneriert die Haut auf ganz besonders intensive Weise. Der praktische Stick schaftt jederzeit Erleichterung bei Hautirritationen, aber auch bei Verspannungen von Muskeln und Gelenken und des Nackens. Er ist auch wunderbar als Anti-Aging Unterst\u00fctzung geeignet.<\/p>\n<p>Das falsche Sandelholz (Naio Wood) ist nicht nur nachhaltig, weil es die nat\u00fcrlichen Vorkommen des echten Sandelholzes schont, sondern hat wegen seinem optimierten Gehalt an alpha-Bisabolol auch regenerierende Vorz\u00fcge.\u00a0<\/p>\n<p>Weihrauch wird oft auch als K\u00f6nig der \u00e4therischen \u00d6le bezeichnet, denn er ist aufgrund seines reichhaltigen Aromas eines der wertvollsten und kostbarsten \u00d6le. Bereits die alten \u00c4gypter verwendeten Weihrauchharz in vielf\u00e4ltiger Weise, zum Beispiel f\u00fcr Parf\u00fcms und Salben. Seine beruhigenden undversch\u00f6nernden Eigenschaften k\u00f6nnen die Haut verj\u00fcngen und das Auftreten von Unreinheiten bei topischerAnwendung reduzieren. Ausserdem wirkt es stark regenerierend und kann besonders in der Anti-Aging Pflege verwendet werden.<\/p>\n<p><strong>doTERRA Frankincense Stick + Naio Wood<\/strong> ist frei von frei von Phthalaten und k\u00fcnstlichen Duftstoffen.<\/p>\n<p>Er ist einfach und schnell \u00fcberall einzusetzen. Der Stick-Applikator hinterl\u00e4sst kein fettiges Gef\u00fchl und zaubert mit jeder Anwendung ein beruhigendes und angenehmes Aroma.<\/p>\n<p>Durch seinen entspannenden Duft wirkt er beruhigend und erholsam auf alle Sinne. G\u00f6nne dir diesen besonderen Luxus f\u00fcr \u00fcberall.<\/p>\n<p>Ideal auch als besonderes Geschenk.<\/p>\n<p><strong>Empfehlung<\/strong><br \/>\nTopisch: doTERRA Frankincense Stick + Naio Wood auf die Haut auftragen, um das Auftreten von Hautunreinheiten zu reduzieren oder um kleine Verspannungen im Nacken und den Gelenken zu beseitigen. Besonders geeignet auch f\u00fcr die Regeneration m\u00fcder Haut und Haut, die Anti-Aging ben\u00f6tigt.<\/p>\n<p><strong>Sichere Verwendung<\/strong><br \/>\nKontakt mit den Augen vermeiden. Nur zur \u00e4u\u00dferlichen Anwendung. Falls Irritationen auftreten, die Anwendung beenden. Au\u00dferhalb der Reichweite von Kindern aufbewahren, au\u00dfer bei Aufsicht durch Erwachsene. Nicht zur Anwendung bei Kindern unter 1 Jahr geeignet.<\/p>\n","protected":false},"excerpt":{"rendered":"<h2 style=\"font-size: 28px;\">Regenerierender Stift<\/h2>\n<p>doTERRA Frankincense Stick + Naio Wood &#8211;\u00a0\u00a0Die Kombination des wertvollen Weihrauch mit dem falschen Sandelholz (Naio Wood) pflegt und regeneriert die Haut auf ganz besonders intensive Weise. Der praktische Stick schaftt jederzeit Erleichterung bei Hautirritationen, aber auch bei Verspannungen von Muskeln und Gelenken und des Nackens. Durch seinen entspannenden Duft wirkt er beruhigend und erholsam auf alle Sinne. G\u00f6nne dir diesen besonderen Luxus f\u00fcr \u00fcberall.<\/p>\n","protected":false},"featured_media":16940,"template":"","meta":{"_et_pb_use_builder":"","_et_pb_old_content":"","_et_gb_content_width":""},"product_cat":[15,1918,51,2007,39,48,54,1963,1983],"product_tag":[],"_links":{"self":[{"href":"https:\/\/www.magnolioworld.com\/green-ch\/wp-json\/wp\/v2\/product\/16935"}],"collection":[{"href":"https:\/\/www.magnolioworld.com\/green-ch\/wp-json\/wp\/v2\/product"}],"about":[{"href":"https:\/\/www.magnolioworld.com\/green-ch\/wp-json\/wp\/v2\/types\/product"}],"wp:featuredmedia":[{"embeddable":true,"href":"https:\/\/www.magnolioworld.com\/green-ch\/wp-json\/wp\/v2\/media\/16940"}],"wp:attachment":[{"href":"https:\/\/www.magnolioworld.com\/green-ch\/wp-json\/wp\/v2\/media?parent=16935"}],"wp:term":[{"taxonomy":"product_cat","embeddable":true,"href":"https:\/\/www.magnolioworld.com\/green-ch\/wp-json\/wp\/v2\/product_cat?post=16935"},{"taxonomy":"product_tag","embeddable":true,"href":"https:\/\/www.magnolioworld.com\/green-ch\/wp-json\/wp\/v2\/product_tag?post=16935"}],"curies":[{"name":"wp","href":"https:\/\/api.w.org\/{rel}","templated":true}]}}