{"id":16743,"date":"2025-06-04T10:48:12","date_gmt":"2025-06-04T08:48:12","guid":{"rendered":"https:\/\/www.magnolioworld.com\/green-ch\/?post_type=product&#038;p=16743"},"modified":"2025-06-05T13:50:45","modified_gmt":"2025-06-05T11:50:45","slug":"doterra-vmg","status":"publish","type":"product","link":"https:\/\/www.magnolioworld.com\/green-ch\/doterra-vmg\/","title":{"rendered":"doTERRA VMG+"},"content":{"rendered":"<p><strong>doTERRA VMG+ &#8211;<\/strong> Die Revolution in der optimalen N\u00e4hrstoffversorgung<\/p>\n<p>Die optimale N\u00e4hrstoffversorgung darf einfach sein. Mit diesem Produkt revolutioniert doTERRA die Anwendung und Einnahme der optimalen N\u00e4hrstoffversorgung. So enth\u00e4lt doTERRA VMG+ alle wichtigen N\u00e4hrstofffe und Vitamine in einem kleinen T\u00fctchen und macht sie somit ideal zur t\u00e4glichen Begleitung auch im B\u00fcro oder unterwegs. Ohne l\u00e4stige Einnahme von Kapseln und Tabletten, was manchen ja erhebliche Probleme bereitet.<\/p>\n<p><strong>doTERRA VMG+ <\/strong>alle wichtigen Mineralstoffe und Vitamine in nur einem T\u00fctchen t\u00e4glich.\u00a0<\/p>\n<p>VMG+ bietet folgende Vorteile:<\/p>\n<div class=\"product-whats-inside__tab-wrap\">\n<div class=\"product-whats-inside__content\">\n<ul class=\"product-whats-inside__info-list custom-list\">\n<li>\u00dcber 75 qualitativ hochwertige und wissenschaftlich fundierte Inhaltsstoffe. Dazu geh\u00f6ren vollwertige Vitamine, Gem\u00fcse, Obst, Verdauungsenzyme, Mineralstoffe, Probiotika, \u00e4therische \u00d6le und andere wertvolle N\u00e4hrstoffe<\/li>\n<li>Beeinhaltet in einem T\u00fctchen alle Vorteile der dotERRA-Produkte Microplex VMZ\u2122, Alpha CRS\u2122, TerraGreens und mehr.<\/li>\n<li>Vegan, frei von genetisch ver\u00e4nderten Organismen (GVO), Milchprodukten, Soja und Gluten.\n<\/li>\n<\/ul>\n<p>Die innovative neue Liposomentechnologie sorgt f\u00fcr eine optimale Aufnahme und Speicherung von pflanzlichen Vitaminen und Mineralstoffen aus Vollwertkost. Nutze dieses fortschrittliches N\u00e4hrstoffverabreichungssystem in Pulverform f\u00fcr eine optimale N\u00e4hrstoffzugabe.\u00a0<\/p>\n<p>Denn <strong>doTERRA VMG+ <\/strong>ist mehr als ein Multivitamin, es ist eine vollst\u00e4ndige Wellnessl\u00f6sung. G\u00f6nne Dir diese Basis f\u00fcr optimales Wohlbefinden.<strong><\/p>\n<p><\/strong>Ideal zusammen mit EO Mega+\u2122 bzw. EO Mega+ Softgels und d\u014dTERRA PB Assist+ bzw. PB Restore\u2122 als eine praktische Multifunktionsl\u00f6sung f\u00fcr dein Wohlbefinden. Als preisg\u00fcnstige Sets doTERRA Bundle Wohlbefinden (Sachets) und doTERRA Bundle Wohlbefinden Klassisch (Tabletten) verf\u00fcgbar.<strong><\/p>\n<p><\/strong><\/p>\n<\/div>\n<\/div>\n<p><strong>Empfehlung<\/strong><br \/>\nT\u00e4glich den Inhalt eines T\u00fctchens einnehmen. Dabei den Inhalt zu 150-240 ml kaltem Wasser oder dem Getr\u00e4nk deiner Wahl geben. Nicht in hei\u00dfe Getr\u00e4nke geben. Das Pulver gut sch\u00fctteln und und in das Getr\u00e4nk bis zur vollst\u00e4ndigen Aufl\u00f6sung einr\u00fchren.<\/p>\n<p><strong>Sichere Verwendung<\/strong><br \/>\nAu\u00dferhalb der Reichweite von Kindern aufbewahren. Achte darauf, die empfohlene t\u00e4gliche Dosis nicht zu \u00fcberschreiten. Lese vor Gebrauch alle Empfehlungen und Sicherheitshinweise. Bitte beachte, dass Nahrungserg\u00e4nzungen eine vollwertige und ausgeglichene Ern\u00e4hrung sowie einen gesunden Lebensstil nicht ersetzen k\u00f6nnen. Schwangere und Stillende sowie Menschen mit bekannten gesundheitlichen Schwierigkeiten vor der Einnahme \u00e4rztlichen Rat einholen. Aufbewahrung an einem k\u00fchlen, trockenen Ort. Dabei bitte das Mindesthaltbarkeitsdatum beachten. Das Produkt ist nicht f\u00fcr Kinder empfohlen.<\/p>\n","protected":false},"excerpt":{"rendered":"<h2 style=\"font-size: 28px;\">Die Revolution in der optimalen N\u00e4hrstoffversorgung<\/h2>\n<p><strong>doTERRA VMG+ &#8211;<\/strong> Die Revolution in der N\u00e4hrstoffversorgung. Einfach alle wichtigen Mineralien und Vitamine in nur einem T\u00fctchen t\u00e4glich. Ideal auch f\u00fcr die unkomplizierte t\u00e4gliche N\u00e4hrstoffversorgung im B\u00fcro oder unterwegs. Enth\u00e4lt \u00fcber 75 qualitativ hochwertige und wissenschaftlich fundierte Inhaltsstoffe. Dazu geh\u00f6ren vollwertige Vitamine, Gem\u00fcse, Obst, Verdauungsenzyme, Mineralstoffe, Probiotika, \u00e4therische \u00d6le und andere wertvolle N\u00e4hrstoffe.<\/p>\n<p><strong>doTERRA VMG+ <\/strong>ist mehr als ein Multivitamin, es ist eine vollst\u00e4ndige Wellnessl\u00f6sung. G\u00f6nne Dir diese Basis f\u00fcr optimales Wohlbefinden.<\/p>\n","protected":false},"featured_media":16757,"template":"","meta":{"_et_pb_use_builder":"","_et_pb_old_content":"","_et_gb_content_width":""},"product_cat":[15,1918,52,1943,1947,1972,2004,1989],"product_tag":[581],"_links":{"self":[{"href":"https:\/\/www.magnolioworld.com\/green-ch\/wp-json\/wp\/v2\/product\/16743"}],"collection":[{"href":"https:\/\/www.magnolioworld.com\/green-ch\/wp-json\/wp\/v2\/product"}],"about":[{"href":"https:\/\/www.magnolioworld.com\/green-ch\/wp-json\/wp\/v2\/types\/product"}],"wp:featuredmedia":[{"embeddable":true,"href":"https:\/\/www.magnolioworld.com\/green-ch\/wp-json\/wp\/v2\/media\/16757"}],"wp:attachment":[{"href":"https:\/\/www.magnolioworld.com\/green-ch\/wp-json\/wp\/v2\/media?parent=16743"}],"wp:term":[{"taxonomy":"product_cat","embeddable":true,"href":"https:\/\/www.magnolioworld.com\/green-ch\/wp-json\/wp\/v2\/product_cat?post=16743"},{"taxonomy":"product_tag","embeddable":true,"href":"https:\/\/www.magnolioworld.com\/green-ch\/wp-json\/wp\/v2\/product_tag?post=16743"}],"curies":[{"name":"wp","href":"https:\/\/api.w.org\/{rel}","templated":true}]}}