{"id":14886,"date":"2024-09-02T15:46:37","date_gmt":"2024-09-02T13:46:37","guid":{"rendered":"https:\/\/www.magnolioworld.com\/green-ch\/?post_type=product&#038;p=14886"},"modified":"2024-11-28T19:50:58","modified_gmt":"2024-11-28T18:50:58","slug":"doterra-yarrow-pom-eye-mask","status":"publish","type":"product","link":"https:\/\/www.magnolioworld.com\/green-ch\/doterra-yarrow-pom-eye-mask\/","title":{"rendered":"doTERRA Yarrow Pom Eye Mask"},"content":{"rendered":"<p><strong>doTERRA Yarrow Pom Eye Mask &#8211; <\/strong>Die luxuri\u00f6se und regenerierende Augenmaske (6 St\u00fcck)<\/p>\n<p>F\u00fcr dich selbst ist das Beste gut genug. Deshalb g\u00f6nne dir den den Luxus der exklusiven Yarrow|Pow regenerierenden und straffenden Augenmaske. Diese extrem n\u00e4hrstoffreichen Maske strafft und verhilft zur Reduzierung von feinen F\u00e4ltchen und gl\u00e4ttet sanft die Haut unter den Augen. So bekommst du ein gut erholtes und frisches \u00c4u\u00dferes. Ausserdem hat diese Mischung eine unvergleichlichen F\u00e4higkeit, Feuchtigkeit zu speichern und ist deshalb eine wahre Feuchtigkeitsquelle f\u00fcr die empfindliche Augenpartie.<\/p>\n<p>Die <strong>doTERRA Yarrow Pom Eye Mask<\/strong> enth\u00e4lt die gesch\u00fctzte Yarrow Pom-Mischung sowie andere bioaktive Komponenten. Zus\u00e4tzlich sorgen hautsch\u00fctzende Proteine f\u00fcr eine gezielte Pflege.<br \/>\nBei der gesch\u00fctzten doTERRA Yarrow Pom Mischung handelt es sich um eine wertvolle Kombination aus Blauer Schafgarbe und Granatapfelkerne, die aktive botanische N\u00e4hrstoffe enth\u00e4lt. <\/p>\n<p>Das bis zu 80 cm hoch werdende Kraut der Schafgarbe wird in der Naturheilkunde bei Hautirritationen empfohlen. Der Granatapfelbaum erreicht eine H\u00f6he bis 5 Meter und tr\u00e4gt die bis zu 10 cm Durchmesser grosse Frucht. Das kaltgepresste Kern\u00f6l wird seit alters her vor unter anderem f\u00fcr ein jugendliches Aussehen verwendet. <\/p>\n<p>G\u00f6nne dir mit doTERRA Yarrow Pom Eye Mask das luxuri\u00f6se Spa-Erlebnis f\u00fcr dein jugendlich frisches Aussehen.<\/p>\n<p><strong>Empfehlung<\/strong><br \/>\nTopisch: Die Maske nach der Reinigung und dem Toner unterhalb der Augen auflegen. Dabei beide Schutzfolien entfernen. F\u00fcr ein ideales Ergebnis die Folie auf der Haut glattstreichen. Dann die andere Schutzfolie abziehen. Die Maske 15-20 Minuten einwirken lassen und danach sanft entfernen. <br \/>\nF\u00fcr optimales vitalisierte Aussehen und eine straffe Augenumgebung die Maske 2 x w\u00f6chentlich verwenden,<\/p>\n<p><strong>Sichere Verwendung<\/strong><br \/>\nAu\u00dferhalb der Reichweite von Kindern aufbewahren. Wenn Du schwanger bist oder in \u00e4rztlicher Behandlung stehst, konsultiere bitte Deinen Arzt. Kontakt mit Augen, Innenohren, Gesicht, empfindlichen Stellen und Schleimh\u00e4uten vermeiden. Nur zur \u00e4usseren Anwendung. Entsprechend der Beschreibung benutzen.<\/p>\n","protected":false},"excerpt":{"rendered":"<h2 style=\"font-size: 28px;\">Die luxuri\u00f6se und regenerierende Augenmaske (6 St\u00fcck)<\/h2>\n<p><strong>doTERRA Yarrow Pom Eye Mask <\/strong>&#8211; F\u00fcr dich selbst ist das Beste gut genug. Deshalb g\u00f6nne dir den den Luxus der exklusiven Yarrow|Pow regenerierenden und straffenden Augenmaske. Diese extrem n\u00e4hrstoffreichen Maske strafft und verhilft zur Reduzierung von feinen F\u00e4ltchen und gl\u00e4ttet sanft die Haut unter den Augen. So bekommst du ein gut erholtes und frisches \u00c4u\u00dferes. Ein wahrer Feuchtigkeitsboost f\u00fcr die empfindliche Haut um die Augen.<\/p>\n","protected":false},"featured_media":14899,"template":"","meta":{"_et_pb_use_builder":"","_et_pb_old_content":"","_et_gb_content_width":""},"product_cat":[15,2007,56],"product_tag":[],"_links":{"self":[{"href":"https:\/\/www.magnolioworld.com\/green-ch\/wp-json\/wp\/v2\/product\/14886"}],"collection":[{"href":"https:\/\/www.magnolioworld.com\/green-ch\/wp-json\/wp\/v2\/product"}],"about":[{"href":"https:\/\/www.magnolioworld.com\/green-ch\/wp-json\/wp\/v2\/types\/product"}],"wp:featuredmedia":[{"embeddable":true,"href":"https:\/\/www.magnolioworld.com\/green-ch\/wp-json\/wp\/v2\/media\/14899"}],"wp:attachment":[{"href":"https:\/\/www.magnolioworld.com\/green-ch\/wp-json\/wp\/v2\/media?parent=14886"}],"wp:term":[{"taxonomy":"product_cat","embeddable":true,"href":"https:\/\/www.magnolioworld.com\/green-ch\/wp-json\/wp\/v2\/product_cat?post=14886"},{"taxonomy":"product_tag","embeddable":true,"href":"https:\/\/www.magnolioworld.com\/green-ch\/wp-json\/wp\/v2\/product_tag?post=14886"}],"curies":[{"name":"wp","href":"https:\/\/api.w.org\/{rel}","templated":true}]}}