{"id":14065,"date":"2024-05-08T17:04:08","date_gmt":"2024-05-08T15:04:08","guid":{"rendered":"https:\/\/www.magnolioworld.com\/green-ch\/?post_type=product&#038;p=14065"},"modified":"2025-10-15T18:36:36","modified_gmt":"2025-10-15T16:36:36","slug":"doterra-on-guard-chewable-tabs","status":"publish","type":"product","link":"https:\/\/www.magnolioworld.com\/green-ch\/doterra-on-guard-chewable-tabs\/","title":{"rendered":"doTERRA On Guard Chewable Tabs"},"content":{"rendered":"<p><strong>doTERRA On Guard Chewable Tabs (Kautabletten) &#8211;\u00a0 <\/strong>Eine wohlschmeckende Unterst\u00fctzung des Immunsystems \u00fcberall griffbereit.<\/p>\n<p>Diese Nahrungserg\u00e4nzung enth\u00e4lt neben der sch\u00fctzende Mischung doTERRA On Guard die immunst\u00e4rkenden Vitamine C, D sowie Zink. Sie sind leicht einzunehmen und so ein wunderbarer Rundum-Schutz f\u00fcr die ganze Familie zu jeder Jahreszeit.<\/p>\n<p>In diesen besonderen Zeiten st\u00fcrmt von au\u00dfen so viel auf uns ein. Umso wichtiger ist es, unser Immunsystem so optimal wie m\u00f6glich zu sch\u00fctzen, damit es gegen \u00e4ussere Einfl\u00fcsse aller Art bestens ger\u00fcstet ist. Hier sind die <strong>doTERRA On Guard Chewable Tabs <\/strong>wunderbar geeignet.<\/p>\n<p>Doch gerade auch Krisenzeiten, Stress und belastende Umweltsituationen schw\u00e4chen diesen Schutzschirm ganz massiv. So braucht unser Immunsystem jetzt das ganze Jahr die bestm\u00f6gliche Unterst\u00fctzung.<br \/>\nDenn ein angeschlagenes Immunsystem kann Sie leicht aus der Bahn werfen und f\u00fcr Wochen stilllegen.<\/p>\n<p>Wenn du auch den den Eindruck hast, dass dein Immunsystem dringend Verst\u00e4rkung ben\u00f6tigt oder du einfach nur vorbeugen willst, dann greife auf die Unterst\u00fctzung der reinen Natur mit hochwertigen \u00e4therischen \u00d6len in der \u00e4therischen \u00d6lmischung On Guard zu.<br \/>\nHier als wohlschmeckende <strong>doTERRA On Guard Chewable Tabs <\/strong>(Kautabletten).<\/p>\n<p>So wurde die \u00e4therische sch\u00fctzende \u00d6lmischung (doTERRA On Guard) speziell daf\u00fcr entwickelt, dein Immunsystem bestm\u00f6glich zu st\u00e4rken und zu unterst\u00fctzen.<br \/>\nDiese Mischung ist eine genau aufeinander abgestimmt Komposition aus Wild Orange, Clove, Cinnamon Bark, Eucalyptus und Rosemary. Die Energie gebende und Stimmung hebende Mischung darf insbesondere in der \u00dcbergangszeit nie fehlen, ist aber auch zur Vorbeugung das ganze Jahr \u00fcber sehr hilfreich.<\/p>\n<p>On Guard legt sich wie ein Schutzschild um Ihren gesamten K\u00f6rper, bietet auch energetischen Schutz und wirkt nat\u00fcrlich desinfizierend und reinigend.<br \/>\nDie On Guard Bonbons (doTERRA On Guard Drops) beruhigen und unterst\u00fctzen das allgemeine Wohlbefinden.<\/p>\n<p>Die \u00e4therische sch\u00fctzende Miischung On Guard kann sowohl innerlich eingenommen werden oder mit fraktioniertem Kokos\u00f6l verd\u00fcnnt, auf die Fussohlen, den Hals oder den Bronchienbereich aufgetragen werden. Besonders intensiv wirkt es dabei auf den Fussreflexpunkten. Im Diffuser verwendet reinigt es ganz nat\u00fcrlich die Luft, ob zuhause oder in B\u00fcro und Praxis.<\/p>\n<p>Um die sch\u00fctzende Mischung doTERRA On Guard m\u00f6glichst vielf\u00e4ltig verwenden zu k\u00f6nnen, gibt es verschiedene Darreichungsformen. <br \/>\nF\u00fcr die praktische Verwendung unterwegs wurde der doTERRA On Guard Roll-On, das On Guard Handreinigungsspray, die On Guard K\u00fcgelchen und die On Guard Softgels entwickelt. Nat\u00fcrlich gibt es die sch\u00fctzende Mischung auch pur zur aromatischen, topischen und innerlichen Anwendung.<\/p>\n<p>F\u00fcr einen optimalen Schutz zuhause sorgen eine Vielzahl von On Guard Haushaltsprodukten, wie der On Guard Universalreiniger, die On Guard Sch\u00e4umende Handseife und das On Guard Waschmittel. Die K\u00f6rperpflege rundet die On Guard Zahnpasta ab.<\/p>\n<p>Unterst\u00fctzen Sie Ihren K\u00f6rper mit der Kraft der Natur in On Guard und geben ihm ein Schutzschild f\u00fcr jeden Tag.<\/p>\n<p><strong>Empfehlung<br \/>\n<\/strong>Nach Bedarf t\u00e4glich 3 <strong>doTERRA On Guard Chewable Tabs <\/strong> am besten nach einer Mahlzeit einnehmen. Vor Einnahme bitte alle Vorsichtsmassnahmen auf der Verpackung lesen. <\/p>\n<p><strong>Sichere Verwendung<br \/>\n<\/strong>Au\u00dferhalb der Reichweite von Kindern unter 3 Jahren aufbewahren. K\u00fchl und trocken aufbewahren. Wenn Du schwanger bist, stillst oder in \u00e4rztlicher Behandlung bist, hole bitte medizinischen Rat ein. Die empfohlene Dosis darf nicht \u00fcberschritten werden. \u00dcberm\u00e4\u00dfiger Verzehr kann abf\u00fchrend wirken. Nahrungserg\u00e4nzungen sind kein Ersatz f\u00fcr eine abwechslungsreiche Ern\u00e4hrung und eine gesunde Lebensweise.<\/p>\n","protected":false},"excerpt":{"rendered":"<h2 style=\"font-size: 28px;\">Sch\u00fctzende Kautabletten<\/h2>\n<p>doTERRA On Guard Chewable Tabs &#8211; Eine bequeme und wohlschmeckende Methode, um das Immunsystem jederzeit zu unterst\u00fctzen. Nutze die Vorteile der \u00e4therischen \u00d6lmischung von On Guard zusammen mit den Vitaminen D,C sowie Zink, um dich und deine Familie stark durch wechselnde Jahreszeiten zu bringen.<\/p>\n","protected":false},"featured_media":14072,"template":"","meta":{"_et_pb_use_builder":"","_et_pb_old_content":"","_et_gb_content_width":""},"product_cat":[15,1925,43,46,53,1971,1973,1980],"product_tag":[630,631],"_links":{"self":[{"href":"https:\/\/www.magnolioworld.com\/green-ch\/wp-json\/wp\/v2\/product\/14065"}],"collection":[{"href":"https:\/\/www.magnolioworld.com\/green-ch\/wp-json\/wp\/v2\/product"}],"about":[{"href":"https:\/\/www.magnolioworld.com\/green-ch\/wp-json\/wp\/v2\/types\/product"}],"wp:featuredmedia":[{"embeddable":true,"href":"https:\/\/www.magnolioworld.com\/green-ch\/wp-json\/wp\/v2\/media\/14072"}],"wp:attachment":[{"href":"https:\/\/www.magnolioworld.com\/green-ch\/wp-json\/wp\/v2\/media?parent=14065"}],"wp:term":[{"taxonomy":"product_cat","embeddable":true,"href":"https:\/\/www.magnolioworld.com\/green-ch\/wp-json\/wp\/v2\/product_cat?post=14065"},{"taxonomy":"product_tag","embeddable":true,"href":"https:\/\/www.magnolioworld.com\/green-ch\/wp-json\/wp\/v2\/product_tag?post=14065"}],"curies":[{"name":"wp","href":"https:\/\/api.w.org\/{rel}","templated":true}]}}