{"id":13320,"date":"2024-02-13T18:34:17","date_gmt":"2024-02-13T17:34:17","guid":{"rendered":"https:\/\/www.magnolioworld.com\/green-ch\/?post_type=product&#038;p=13320"},"modified":"2025-05-06T10:48:56","modified_gmt":"2025-05-06T08:48:56","slug":"doterra-aromatouch-training-kit","status":"publish","type":"product","link":"https:\/\/www.magnolioworld.com\/green-ch\/doterra-aromatouch-training-kit\/","title":{"rendered":"doTERRA AromaTouch Training Kit"},"content":{"rendered":"<p><strong>doTERRA AromaTouch Training Kit<\/strong> &#8211; Alles f\u00fcr einen erfolgreichen Start in die sensationelle doTERRA Aromatouch-Technik mit Zugang zum Zertifizierungs-Kurs.<\/p>\n<p>Mit diesem Kit erh\u00e4ltst du alle notwendigen \u00d6le, um die entspannende Aromatouch-Technik durchzuf\u00fchren. Entweder als wohltuende Spa-Anwendung zu Hause oder im professionellen Spa- und Massagebereich.<\/p>\n<p>Im preisg\u00fcnstigen Trainings-Set ist alles enthalten, was du f\u00fcr den optimalen Einsatz der einzigartigen doTERRA Aromatouch-Technik ben\u00f6tigst.<br \/>\nSo erh\u00e4ltst du 8 \u00d6le und \u00d6lmischungen (je 15 ml) sowie das pflegende und feuchtigkeitsspendende fraktionierte Kokos\u00f6l, was ideal f\u00fcr die Behandlung ist. F\u00fcr den optimalen und professionellen Einsatz der Aromatouch-Technik bekommst Du einen Zugang zum Zertifizierungskurs. <br \/>\nDieser findet unter der pers\u00f6nlichen Leitung des Erfinders von AromaTouch, Founding Executive Dr. David Hill statt. Sobald dein Set eintrifft, findest du eine Gutscheinkarte mit einem einmaligen Code f\u00fcr den kostenlosen Zugang zum Online-Kurs.<\/p>\n<p>Mit dieser speziell von doTERRA entwickelten Aromatouch-Technik kannst du wunderbar chronischen Stress lindern und eine optimale seelische und k\u00f6rperliche Balance herbeif\u00fchren.<\/p>\n<p><span style=\"text-decoration: underline;\">Die Anwendung erfolgt dabei in 4 aufeinanderfolgenden Stufen:<\/span><\/p>\n<p>1. Stressausgleich: Mit der erdenden \u00d6lmischung doTERRA Balance und Lavendel\u00f6l.<br \/>\n2. Immunsystem st\u00e4rken: Mit Teebaum\u00f6l und der sch\u00fctzenden Mischung doTERRA On Guard<br \/>\n3. Entz\u00fcndliche Prozesse ausbalancieren: Mit der Massagemischung doTERRA Aromatouch und der lindernden Mischung doTERRA Deep Blue.<br \/>\n4. Hom\u00f6ostase (K\u00f6rperliches und seelisches Gleichgewicht) und Erfrischung: Mit den \u00d6len Wild Orange und Pfefferminze.<\/p>\n<p>Mit nur ein paar Tropfen dieser von Natur aus komplexen, duftenden Mischungen und Einzel\u00f6le des doTERRA AromaTouch Training Kit kannst du tiefgreifende emotionale und k\u00f6rperlich entspannende Reaktionen hervorrufen. Du kannst dich von Belastungen befreien, Trost und Ermutigung finden, dich inspirieren lassen oder wieder mit Leidenschaft tr\u00e4umen. Nach der Behandlung gehst du gest\u00e4rkt, ausgeglichen und erfrischt nach Hause.<\/p>\n<p>Zum Nachf\u00fcllen deines Sets gibt es neu das Aromatouch Refill Kit.<\/p>\n<div class=\"flex flex-grow flex-col gap-3 max-w-full\">\n<div class=\"min-h-[20px] flex flex-col items-start gap-3 whitespace-pre-wrap break-words overflow-x-auto\">\n<div class=\"markdown prose w-full break-words dark:prose-invert dark\">\n<p>doTERRA AromaTouch Training Kit &#8211; Das ideale Set f\u00fcr den professionellen Einstieg in die einzigartige Welt der doTERRA Aromatouch-Technik.<\/p>\n<p>Ein besonders wertvolles Geschenk f\u00fcr alle \u00d6le-Liebhaber und auch, um sich von ihnen verw\u00f6hnen zu lassen.<\/p>\n<p><strong>Empfehlung<\/strong><br \/>\nBeachte die Empfehlungen bei den einzelnen Produkten.<\/p>\n<p><strong>Sichere Anwendung<br \/>\n<\/strong>Beachte die Hinweise bei den einzelnen Produkten.<\/p>\n<\/div>\n<\/div>\n<\/div>\n","protected":false},"excerpt":{"rendered":"<h2 style=\"font-size: 28px;\">Das ideale Starter-Set in die Welt der Aromatouch-Technik mit Zertifizierungskurs<\/h2>\n<p>doTERRA AromaTouch Training Kit &#8211; Mit diesem Kit bekommst du alles f\u00fcr einen erfolgreichen Start in die sensationelle doTERRA Aromatouch-Technik mit Zugang zum Zertifizierungs-Kurs. Enthalten sind 8 (15 ml) Einzel\u00f6le und \u00d6lmischungen sowie fraktioniertes Kokos\u00f6l und einen Gutschein-Code f\u00fcr den Zertifizierungskurs online. Du kannst die Aromatouch-Technik entweder als wohltuende Spa-Anwendung zu Hause oder im professionellen Spa- und Massagebereich einsetzen. Die Aromatouch-Technik ist wunderbar geeignet, um den K\u00f6rper in seelische und k\u00f6rperliche Balance zu bringen.<\/p>\n","protected":false},"featured_media":13359,"template":"","meta":{"_et_pb_use_builder":"","_et_pb_old_content":"","_et_gb_content_width":""},"product_cat":[15,1921,36,38,39,40,41,43,45,1948,1950,1951,1952,1958,1959,1960,1961,1962,2097,1965,1972,1984,1985],"product_tag":[400],"_links":{"self":[{"href":"https:\/\/www.magnolioworld.com\/green-ch\/wp-json\/wp\/v2\/product\/13320"}],"collection":[{"href":"https:\/\/www.magnolioworld.com\/green-ch\/wp-json\/wp\/v2\/product"}],"about":[{"href":"https:\/\/www.magnolioworld.com\/green-ch\/wp-json\/wp\/v2\/types\/product"}],"wp:featuredmedia":[{"embeddable":true,"href":"https:\/\/www.magnolioworld.com\/green-ch\/wp-json\/wp\/v2\/media\/13359"}],"wp:attachment":[{"href":"https:\/\/www.magnolioworld.com\/green-ch\/wp-json\/wp\/v2\/media?parent=13320"}],"wp:term":[{"taxonomy":"product_cat","embeddable":true,"href":"https:\/\/www.magnolioworld.com\/green-ch\/wp-json\/wp\/v2\/product_cat?post=13320"},{"taxonomy":"product_tag","embeddable":true,"href":"https:\/\/www.magnolioworld.com\/green-ch\/wp-json\/wp\/v2\/product_tag?post=13320"}],"curies":[{"name":"wp","href":"https:\/\/api.w.org\/{rel}","templated":true}]}}