{"id":12320,"date":"2023-11-29T12:19:08","date_gmt":"2023-11-29T11:19:08","guid":{"rendered":"https:\/\/www.magnolioworld.com\/green-ch\/?post_type=product&#038;p=12320"},"modified":"2024-10-23T12:24:17","modified_gmt":"2024-10-23T10:24:17","slug":"doterra-citrus-bliss-bath-bar","status":"publish","type":"product","link":"https:\/\/www.magnolioworld.com\/green-ch\/doterra-citrus-bliss-bath-bar\/","title":{"rendered":"doTERRA Citrus Bliss Bath Bar"},"content":{"rendered":"<p><strong>doTERRA Citrus Bliss Bath Bar<\/strong> &#8211; Die erholsame Badeseife mit der belebenden und Stimmung hebenden Duft der \u00d6lmischung Citrus Bliss<\/p>\n<p>Die doTERRA Citrus Bliss Badeseife vermittelt ein gro\u00dfartiges Gef\u00fchl, gibt reichlich Badeschaum, Aroma und bietet ein tolles Reinigungserlebnis. <\/p>\n<p>Im Gegensatz zu herk\u00f6mmlichen Seifen mit aggressiven Tensiden hinterl\u00e4sst sie ein sauberes, geschmeidiges und weiches Hautgef\u00fchl. Ab der ersten Anwendung wirst du feststellen, dass diese Badeseife ganz anders ist als jeder andere, die du bisher verwendet hast. <\/p>\n<p>doTERRA Citrus Bliss Bath Bar bildet sanften Schaum, der leicht \u00fcber die Haut gleitet, gr\u00fcndlich reinigt und die Haut gleichzeitig mit Jojobasamen\u00f6l, pflanzlichem Glycerin und Aloe-Vera-Saft versorgt.<\/p>\n<p>Das belebende und Stimmung hebende Aroma der doTERRA Citrus Bliss Mischung, die wir in dieser Badeseife verwenden, wird dich in einen Zustand beschwingten Gl\u00fccks versetzen. <\/p>\n<p>Geniesse ein reichhaltiges, reinigendes, aromatisches Spa-Erlebnis mit der nat\u00fcrlichen und wirklich einzigartigen doTERRA Citrus Bliss Bath Bar.<\/p>\n<p>Probiere auch die anderen exklusiven Spa Badeseifen doTERRA Balance, doTERRA Moisturizing, doTERRA Serenity und doTERRA Balance. Ideal auch zusammen mit den Produkten der Spa Serie.<strong><br \/>\n<\/strong><\/p>\n<p><strong>Empfehlung<\/strong><br \/>\nTopisch: F\u00fcr eine optimales gereinigtes und frisches Aussehen der Haut, doTERRA Citrus Bliss Bath Bar in die t\u00e4gliche K\u00f6rperpflege integrieren und den wunderbaren Duft geniessen.<br \/>\nAnwendung: Die Seife mit Wasser kr\u00e4ftig zum Sch\u00e4umen bringen. Verwende die Seife in der Dusche, der Badewanne oder im Waschbecken. Um die Haltbarkeit der Seife zu verl\u00e4ngern, zwischen den Anwendungen trocknen lassen. Bei Raumtemperatur aufbewahren. \u00dcberm\u00e4\u00dfige W\u00e4rme vermeiden.<\/p>\n<p><strong>Sichere Verwendung<\/strong><br \/>\nNur zur \u00e4u\u00dferen Anwendung. Kontakt mit den Augen vermeiden. Produkt absetzen, wenn es zu Hautreizungen kommt.<\/p>\n","protected":false},"excerpt":{"rendered":"<h2 style=\"font-size: 28px;\">Belebende Badeseife<\/h2>\n<p>doTERRA Citrus Bliss Bath Bar &#8211; Ist ein unglaublich gr\u00fcndliches Reinigungserlebnis mit der belebenden \u00d6lmischung Citrus Bliss.<\/p>\n","protected":false},"featured_media":12334,"template":"","meta":{"_et_pb_use_builder":"","_et_pb_old_content":"","_et_gb_content_width":""},"product_cat":[15,56],"product_tag":[576],"_links":{"self":[{"href":"https:\/\/www.magnolioworld.com\/green-ch\/wp-json\/wp\/v2\/product\/12320"}],"collection":[{"href":"https:\/\/www.magnolioworld.com\/green-ch\/wp-json\/wp\/v2\/product"}],"about":[{"href":"https:\/\/www.magnolioworld.com\/green-ch\/wp-json\/wp\/v2\/types\/product"}],"wp:featuredmedia":[{"embeddable":true,"href":"https:\/\/www.magnolioworld.com\/green-ch\/wp-json\/wp\/v2\/media\/12334"}],"wp:attachment":[{"href":"https:\/\/www.magnolioworld.com\/green-ch\/wp-json\/wp\/v2\/media?parent=12320"}],"wp:term":[{"taxonomy":"product_cat","embeddable":true,"href":"https:\/\/www.magnolioworld.com\/green-ch\/wp-json\/wp\/v2\/product_cat?post=12320"},{"taxonomy":"product_tag","embeddable":true,"href":"https:\/\/www.magnolioworld.com\/green-ch\/wp-json\/wp\/v2\/product_tag?post=12320"}],"curies":[{"name":"wp","href":"https:\/\/api.w.org\/{rel}","templated":true}]}}