{"id":16,"date":"2020-04-10T11:22:54","date_gmt":"2020-04-10T09:22:54","guid":{"rendered":"https:\/\/www.magnolio.shop\/agb\/"},"modified":"2024-09-24T10:39:34","modified_gmt":"2024-09-24T08:39:34","slug":"agb","status":"publish","type":"page","link":"https:\/\/www.magnolioworld.com\/green-ch\/agb\/","title":{"rendered":"Men\u00fc | System | AGB"},"content":{"rendered":"<p>[et_pb_section fb_built=&#8221;1&#8243; _builder_version=&#8221;4.16&#8243; global_colors_info=&#8221;{}&#8221;][et_pb_row _builder_version=&#8221;4.16&#8243; global_colors_info=&#8221;{}&#8221;][et_pb_column type=&#8221;4_4&#8243; _builder_version=&#8221;4.16&#8243; global_colors_info=&#8221;{}&#8221;][et_pb_text _builder_version=&#8221;4.17.6&#8243; global_colors_info=&#8221;{}&#8221;]<\/p>\n<h1>Allgemeine Gesch\u00e4ftsbedingungen<\/h1>\n<p>1. Geltungsbereich<br \/>2. Angebote und Leistungsbeschreibungen<br \/>3. Bestellvorgang und Vertragsabschluss<br \/>4. Preise und Versandkosten<br \/>5. Lieferung, Warenverf\u00fcgbarkeit<br \/>6. Zahlungsmodalit\u00e4ten<br \/>7. Eigentumsvorbehalt<br \/>8. Sachm\u00e4ngelgew\u00e4hrleistung und Garantie<br \/>9. Haftung<br \/>10. Speicherung des Vertragstextes<br \/>11. Schlussbestimmungen<\/p>\n<p>1. Geltungsbereich<br \/>1.1. F\u00fcr die Gesch\u00e4ftsbeziehung zwischen<\/p>\n<p>Magnolio<br \/>Aspekt Tower, Business Bay<br \/>Dubai<br \/>AE<\/p>\n<p>(nachfolgend \u201eVerk\u00e4ufer\u201c)<\/p>\n<p>und dem Kunden (nachfolgend \u201eKunde\u201c) gelten ausschlie\u00dflich die nachfolgenden Allgemeinen Gesch\u00e4ftsbedingungen in ihrer zum Zeitpunkt der Bestellung g\u00fcltigen Fassung.<\/p>\n<p>1.2. Sie erreichen unseren Kundendienst werktags f\u00fcr Fragen, Reklamationen und Beanstandungen:<\/p>\n<p>Montag bis Freitag: 10:00 Uhr bis 17:00 Uhr<\/p>\n<p>E-Mail: agb (at) magnolioworld.com<\/p>\n<p>1.3. Verbraucher im Sinne dieser AGB ist jede nat\u00fcrliche Person, die ein Rechtsgesch\u00e4ft zu einem Zwecke abschlie\u00dft, der \u00fcberwiegend weder ihrer gewerblichen noch ihrer selbstst\u00e4ndigen beruflichen T\u00e4tigkeit zugerechnet werden kann.<\/p>\n<p>1.4. Abweichende Bedingungen des Kunden werden nicht anerkannt, es sei denn, der Verk\u00e4ufer stimmt ihrer Geltung ausdr\u00fccklich zu.<\/p>\n<p>2. Angebote und Leistungsbeschreibungen<br \/>Die Darstellung der Produkte im Online-Shop stellt kein rechtlich bindendes Angebot, sondern lediglich eine Aufforderung zur Abgabe einer Bestellung dar. Leistungsbeschreibungen in Katalogen sowie auf den Websites des Verk\u00e4ufers haben nicht den Charakter einer Zusicherung oder Garantie.<br \/>Alle Angebote gelten \u201esolange der Vorrat reicht\u201c, wenn nicht bei den Produkten etwas anderes vermerkt ist. Im \u00dcbrigen bleiben Irrt\u00fcmer vorbehalten.<\/p>\n<p>Der Bestellvorgang erfolgt in folgenden Schritten:<\/p>\n<ol>\n<li>Auswahl der Ware<\/li>\n<li>Best\u00e4tigung durch Anklicken des Buttons \u201eIn den Warenkorb\u201c<\/li>\n<li>Gegebenenfalls weitere Ware hinzuf\u00fcgen<\/li>\n<li>Pr\u00fcfung des Warenkorbs, ggf. L\u00f6schen von Artikeln oder Mengen\u00e4nderung<\/li>\n<li>Warenkorb durch Anklicken des Buttons \u201eWarenkorb aktualisieren\u201c neu berechnen<\/li>\n<li>Anklicken des Buttons \u201eWeiter zur Kasse\u201c<\/li>\n<li>Anmeldung in ein bestehendes Kundenkontos \/ Anlegen eines neuen Kundenkontos bei Erstbestellung<\/li>\n<li>\u00dcberpr\u00fcfung der pers\u00f6nlichen Daten, ggf. Korrektur dieser Daten<\/li>\n<li>Pr\u00fcfung der bestellten Ware auf Richtigkeit und Menge<\/li>\n<li>Festlegen und \u00dcberpr\u00fcfen der Zahlungsmethode<\/li>\n<li>Allgemeine Gesch\u00e4ftsbedingungen, Datenschutzbestimmungen und Lieferbedingungen lesen, herunterladen und best\u00e4tigen<\/li>\n<li>Verbindliche Bestellung durch Anklicken des Buttons \u201eJetzt kaufen\u201c<\/li>\n<\/ol>\n<p>3. Bestellvorgang und Vertragsabschluss<br \/>3.1. Der Kunde kann aus dem Sortiment des Verk\u00e4ufers Produkte unverbindlich ausw\u00e4hlen und diese \u00fcber die Schaltfl\u00e4che \u201eIn den Warenkorb\u201c in einem so genannten Warenkorb sammeln. Innerhalb des Warenkorbes kann die Produktauswahl ver\u00e4ndert, z.B. gel\u00f6scht werden. Der Zahlbetrag kann durch Anklicken des Buttons \u201eWarenkorb aktualisieren\u201c jederzeit neu berechnet werden. Anschlie\u00dfend kann der Kunde innerhalb des Warenkorbs seine Vertragsdaten eintragen.<\/p>\n<p>3.2. Der Kunde ben\u00f6tigt ein Kundenkonto, damit er Bestellungen ausf\u00fchren kann. Dieses wird bei seiner ersten Bestellung von ihm angelegt. Er verifiziert sich dabei mit Hilfe seiner Email-Adresse und seiner Mobilfunknummer, vorbehaltlich weitere Identifikationsverfahren. Alle mit einem Sternchen gekennzeichneten Felder m\u00fcssen dabei wahrheitsgem\u00e4\u00df und korrekt ausgef\u00fcllt werden. Unwahre Angaben k\u00f6nnen sich nachteilig nicht nur auf R\u00fcckzahlungen, Verg\u00fctungen und Reklamationen auswirken. Im Laufe der Neukundenregistrierung erh\u00e4lt er Anmeldedaten f\u00fcr die Nutzung des Shops. Diese sind ausschlie\u00dflich f\u00fcr ihn bestimmt und m\u00fcssen sicher und vertraulich verwahrt werden.<\/p>\n<p>3.2.a. Der Kunde meldet sich mit seinen Anmeldedaten im Shop an und \u00fcberpr\u00fcft seine Daten auf Aktualit\u00e4t und Vollst\u00e4ndigkeit. Bei Bedarf \u00e4ndert oder erg\u00e4nzt er die Daten, ggf. unter Beihilfe des Kundenservice. \u00dcber die Schaltfl\u00e4che \u201eWeiter zur Kasse\u201c gelangt er zu einer \u00dcbersicht aller relevanten Daten des Bestellvorgangs, die er nochmals \u00fcberpr\u00fcfen und \u00e4ndern kann.<\/p>\n<p>3.3. \u00dcber die Schaltfl\u00e4che \u201eJetzt kaufen\u201c gibt der Kunde einen verbindlichen Antrag zum Kauf der im Warenkorb befindlichen Waren ab. Vor Abschicken der Bestellung kann der Kunde die Daten jederzeit \u00e4ndern und einsehen sowie mithilfe der Browserfunktion \u201czur\u00fcck\u201d zum Warenkorb zur\u00fcckgehen oder den Bestellvorgang insgesamt abbrechen.<\/p>\n<p>3.4. Der Verk\u00e4ufer schickt daraufhin dem Kunden eine automatische Empfangsbest\u00e4tigung per E-Mail zu, in welcher die Bestellung des Kunden nochmals aufgef\u00fchrt wird und die der Kunde \u00fcber die Funktion \u201eDrucken\u201c ausdrucken kann (Bestellbest\u00e4tigung). Die automatische Empfangsbest\u00e4tigung dokumentiert lediglich, dass die Bestellung des Kunden beim Verk\u00e4ufer eingegangen ist und stellt keine Annahme des Antrags dar. Der Kaufvertrag kommt erst dann zustande, wenn der Verk\u00e4ufer das bestellte Produkt innerhalb von 3 Werktagen an den Kunden versendet, \u00fcbergeben oder den Versand an den Kunden innerhalb von 3 Werktagen mit einer zweiten E-Mail, ausdr\u00fccklicher Auftragsbest\u00e4tigung oder Zusendung der Rechnung best\u00e4tigt hat.<\/p>\n<p>3.5. Sollte der Verk\u00e4ufer eine Vorkassezahlung erm\u00f6glichen, kommt der Vertrag erst mit dem Zeitpunkt des Zahlungseinganges beim Verk\u00e4ufer zustande. Eine Reservierung des Artikels bei Vorkassezahlungen erfolgt f\u00fcr den K\u00e4ufer l\u00e4ngstens f\u00fcr 5 Kalendertage.<\/p>\n<p>3.6. Bei der Erstbestellung des Kunden stimmt der Kunde zu, dass der Verk\u00e4ufer nach Abschluss des Bestellvorganges kostenlos unter Nutzung seiner hinterlegten Daten ein Kundenkonto bei doTERRA GH Ireland Limited (im Folgenden: doTERRA) mit Sitz in 32 Molesworth Street, Dublin 2, Irland anlegen und zuk\u00fcnftig und bis auf Widerruf f\u00fcr ihn verwalten wird. In diesem Sinne best\u00e4tigt der Kunde bereits jetzt die Allgemeinen Gesch\u00e4ftsbedingungen von doTERRA (<a href=\"https:\/\/media.doterra.com\/de\/de\/forms\/wc-agreement.pdf\" target=\"Vorteilskunden Bestimmungen\" rel=\"noopener noreferrer\">https:\/\/media.doterra.com\/de\/de\/forms\/wc-agreement.pdf<\/a>) mit all ihren Bestandteilen zur G\u00e4nze. Der Verk\u00e4ufer ist dem Kunden gegen\u00fcber jedoch nicht zum Anlegen und F\u00fchren eines Kundenkontos bei doTERRA verpflichtet.<\/p>\n<p>Sollte der Kunde bereits ein Kundenkonto bei doTERRA haben, teilt er das dem Verk\u00e4ufer unmittelbar im Rahmen der Bestellung mit und kl\u00e4rt die M\u00f6glichkeit einer Bestellung im Shop des Verk\u00e4ufers; bis zur endg\u00fcltigen Kl\u00e4rung hat der Verk\u00e4ufer das Recht, die Bestellung abzulehnen. Sollte der K\u00e4ufer unwahre Angaben \u00fcber ein eventuell bestehendes Kundenkonto bei doTERRA machen, insbesondere ein solches zu verschweigen, kann der Verk\u00e4ufer vom Kunden eine Vertragsstrafe in H\u00f6he von EUR 500,00 verlangen. Dem Verk\u00e4ufer bleibt es unbenommen, einen dar\u00fcberhinausgehenden, konkreten Schaden nachzuweisen und vom Kunden zu verlangen. Dem Kunden bleibt es nachgelassen, nachzuweisen, dass ihn kein Verschulden trifft.<\/p>\n<p>Der Kunde kann die Verwaltung seines Kundenkontos bei doTERRA mit einer Frist von vier Wochen jederzeit schriftlich widerrufen. Der Verk\u00e4ufer \u00fcbergibt ihm zum Ende dieser Frist s\u00e4mtliche Zugangsdaten f\u00fcr den doTERRA-Shop und l\u00f6scht diese aus seinem Systems, soweit keine wichtigen Gr\u00fcnde dagegensprechen. Gegenseitige Anspr\u00fcche jeglicher Art aus der Verwaltung des Kundenkontos sind ausgeschlossen. Mit Eintritt der Wirksamkeit des Widerrufs kann der Kunde nicht mehr im Shop des Verk\u00e4ufers bestellen.<\/p>\n<p>Der Verk\u00e4ufer ist seitens des Kunden berechtigt, \u00fcber das doTERRA-Kundenkonto Bestellungen f\u00fcr diesen, ggf. auch f\u00fcr oder an Dritte auszuf\u00fchren. Der Verk\u00e4ufer darf ausdr\u00fccklich Bestellungen des Kunden aus eigenem Warenbestand bedienen. Das Wahlrecht dazu obliegt alleine dem Verk\u00e4ufer.<\/p>\n<p>4. Preise und Versandkosten<br \/>4.1. Alle Preise, die auf der Website des Verk\u00e4ufers angegeben sind, verstehen sich einschlie\u00dflich der jeweils geltenden gesetzlichen Umsatzsteuer.<\/p>\n<p>4.2. Zus\u00e4tzlich zu den angegebenen Preisen berechnet der Verk\u00e4ufer f\u00fcr die Lieferung Versandkosten. Die Versandkosten werden dem K\u00e4ufer auf einer gesonderten Informationsseite und im Rahmen des Bestellvorgangs deutlich mitgeteilt.<\/p>\n<p>5. Lieferung, Warenverf\u00fcgbarkeit<br \/>5.1. Soweit Vorkasse vereinbart ist, erfolgt die Lieferung nach Eingang des Rechnungsbetrages.<\/p>\n<p>5.2. Sollte die Zustellung der Ware aus Gr\u00fcnden, die der Kunde zu vertreten hat, scheitern, kann der Verk\u00e4ufer vom Vertrag zur\u00fccktreten. Dem ausliefernden Paketunternehmen ist es bei erfolgloser Zustellung gestattet, die Ware zur Abholung im n\u00e4chsten Paketdepot abzulegen oder einen erneuten Zustellversuch zu starten. Kann die Ware dem Kunden nicht \u00fcbergeben werden, kann der Verk\u00e4ufer die Versandkosten vom K\u00e4ufer einfordern. Gegebenenfalls geleistete Zahlungen f\u00fcr die bestellten Artikel werden dem Kunden unverz\u00fcglich durch den Verk\u00e4ufer erstattet.<\/p>\n<p>5.3. Wenn das bestellte Produkt beim Verk\u00e4ufer nicht verf\u00fcgbar ist, weil dieser mit dem Produkt von seinem Lieferanten ohne eigenes Verschulden nicht beliefert wurde, kann der Verk\u00e4ufer vom Vertrag zur\u00fccktreten. In diesem Fall wird der Verk\u00e4ufer den Kunden unverz\u00fcglich informieren und ihm die Lieferung eines vergleichbaren Produktes anbieten. Wenn kein vergleichbares Produkt verf\u00fcgbar ist oder der Kunde die Lieferung eines vergleichbaren Produktes ablehnt oder innerhalb von f\u00fcnf Kalendertagen nach Erhalt der Mitteilung des Verk\u00e4ufers keine Erkl\u00e4rung abgibt, wird der Verk\u00e4ufer dem Kunden ggf. bereits erbrachte Zahlungen unverz\u00fcglich erstatten.<\/p>\n<p>5.4. Die Kunden werden \u00fcber Lieferzeiten und Lieferbeschr\u00e4nkungen (z.B. Beschr\u00e4nkung der Lieferungen auf bestimmte L\u00e4nder) auf einer gesonderten Informationsseite oder innerhalb der jeweiligen Produktbeschreibung unterrichtet.<\/p>\n<p>6. Zahlungsmodalit\u00e4ten<br \/>6.1. Der Kunde kann im Rahmen und vor Abschluss des Bestellvorgangs aus den zur Verf\u00fcgung stehenden Zahlungsarten w\u00e4hlen. Kunden werden \u00fcber die zur Verf\u00fcgung stehenden Zahlungsmittel auf einer gesonderten Informationsseite unterrichtet.<\/p>\n<p>6.2. Ist die Bezahlung per Rechnung m\u00f6glich, hat die Zahlung innerhalb von 30 Tagen nach Erhalt der Ware und der Rechnung zu erfolgen. Bei allen anderen Zahlweisen hat die Zahlung im Voraus ohne Abzug zu erfolgen.<\/p>\n<p>6.3. Werden Drittanbieter bzw. Finanzdienstleister mit der Zahlungsabwicklung beauftragt, z.B. PayPal, gelten deren Allgemeine Gesch\u00e4ftsbedingungen zus\u00e4tzlich und im Hinblick auf die Abwicklung von Zahlungen im Zweifel vorrangig vor den Gesch\u00e4ftsbedingungen des Verk\u00e4ufers.<\/p>\n<p>6.4. Ist die F\u00e4lligkeit der Zahlung nach dem Kalender bestimmt, so kommt der Kunde bereits durch Vers\u00e4umung der Zahlungsfrist in Verzug. In diesem Fall hat der Kunde die gesetzlichen Verzugszinsen zu zahlen.<\/p>\n<p>6.5. Die Verpflichtung des Kunden zur Zahlung von Verzugszinsen schlie\u00dft die Geltendmachung weiterer Verzugssch\u00e4den durch den Verk\u00e4ufer nicht aus.<\/p>\n<p>6.6. Ein Recht zur Aufrechnung steht dem Kunden nur zu, wenn seine Gegenanspr\u00fcche rechtskr\u00e4ftig festgestellt oder von dem Verk\u00e4ufer anerkannt sind. Der Kunde kann ein Zur\u00fcckbehaltungsrecht nur aus\u00fcben, soweit die Anspr\u00fcche aus dem gleichen Vertragsverh\u00e4ltnis resultieren.<\/p>\n<p>7. Eigentumsvorbehalt<br \/>Bis zur vollst\u00e4ndigen Bezahlung verbleiben die gelieferten Waren im Eigentum des Verk\u00e4ufers.<\/p>\n<p>8. Sachm\u00e4ngelgew\u00e4hrleistung und Garantie<br \/>8.1. Die Gew\u00e4hrleistung bestimmt sich nach gesetzlichen Vorschriften.<\/p>\n<p>8.2. Eine Garantie besteht bei den vom Verk\u00e4ufer gelieferten Waren nur, wenn diese ausdr\u00fccklich abgegeben wurde. Kunden werden \u00fcber die Garantiebedingungen vor der Einleitung des Bestellvorgangs informiert.<\/p>\n<p>9. Haftung<br \/>9.1. F\u00fcr eine Haftung des Verk\u00e4ufers auf Schadensersatz gelten unbeschadet der sonstigen gesetzlichen Anspruchsvoraussetzungen die nachfolgenden Haftungsausschl\u00fcsse und -begrenzungen.<\/p>\n<p>9.2. Der Verk\u00e4ufer haftet unbeschr\u00e4nkt, soweit die Schadensursache auf Vorsatz oder grober Fahrl\u00e4ssigkeit beruht.<\/p>\n<p>9.3. Im \u00dcbrigen haftet der Verk\u00e4ufer nur bei der Verletzung von wesentlichen Pflichten. Darunter sind nur Pflichten zu verstehen, deren Verletzung die Erreichung des Vertragszwecks gef\u00e4hrden, deren Erf\u00fcllung die ordnungsgem\u00e4\u00dfe Durchf\u00fchrung des Vertrages \u00fcberhaupt erst erm\u00f6glichen und auf deren Einhaltung der Kunde regelm\u00e4\u00dfig vertraut. In diesen F\u00e4llen haftet der Verk\u00e4ufer jedoch nur f\u00fcr den vorhersehbaren, vertragstypischen Schaden. Der Verk\u00e4ufer haftet nicht f\u00fcr die fahrl\u00e4ssige Verletzung anderer als der in den vorstehenden S\u00e4tzen genannten Pflichten.<\/p>\n<p>9.4. Die vorstehenden Haftungsbeschr\u00e4nkungen gelten nicht bei Verletzung von Leben, K\u00f6rper und Gesundheit, f\u00fcr einen Mangel nach \u00dcbernahme einer Garantie f\u00fcr die Beschaffenheit des Produktes oder bei arglistig verschwiegenen M\u00e4ngeln. Eine eventuelle Haftung nach dem Produkt\u00adhaftungs\u00adgesetz bleibt unber\u00fchrt.<\/p>\n<p>9.5. Soweit die Haftung des Verk\u00e4ufers ausgeschlossen oder beschr\u00e4nkt ist, gilt dies auch f\u00fcr die pers\u00f6nliche Haftung von dessen Arbeitnehmern, Vertretern und Erf\u00fcllungsgehilfen.<\/p>\n<p>10. Speicherung des Vertragstextes<br \/>10.1. Der Kunde kann den Vertragstext vor der Abgabe der Bestellung an den Verk\u00e4ufer ausdrucken, indem er im letzten Schritt der Bestellung die Druckfunktion seines Browsers nutzt.<\/p>\n<p>10.2. Der Verk\u00e4ufer sendet dem Kunden au\u00dferdem eine Bestellbest\u00e4tigung mit allen Bestelldaten an die von Ihm angegebene E-Mail-Adresse zu. Mit der Bestellbest\u00e4tigung, sp\u00e4testens jedoch bei der Lieferung der Ware, erh\u00e4lt der Kunde ferner eine Kopie der AGB nebst Widerrufsbelehrung und den Hinweisen zu Versandkosten sowie Liefer- und Zahlungsbedingungen. Sofern der Kunde sich in unserem Shop registriert haben sollte, kann er sich in seinem Profilbereich seine aufgegebenen Bestellungen einsehen. Dar\u00fcber hinaus speichern wir den Vertragstext, machen ihn jedoch im Internet nicht zug\u00e4nglich.<\/p>\n<p>11. Schlussbestimmungen<br \/>11.1. Auf das vorliegende Vertragsverh\u00e4ltnis und alle sich hieraus ergebenden Rechte und Pflichten findet das Recht der Bundesrepublik Deutschland Anwendung. Vertragssprache ist ausschlie\u00dflich Deutsch.<\/p>\n<p>11.2. Gerichtstand und Erf\u00fcllungsort ist der Sitz des Verk\u00e4ufers, wenn der Kunde Kaufmann, juristische Person des \u00f6ffentlichen Rechts oder \u00f6ffentlich-rechtliches Sonderverm\u00f6gen ist.<\/p>\n<p>11.3. Plattform der Europ\u00e4ischen Kommission zur Online-Streitbeilegung (OS) f\u00fcr Verbraucher: <a href=\"http:\/\/ec.europa.eu\/consumers\/odr\/\" target=\"_blank\" rel=\"noopener\">http:\/\/ec.europa.eu\/consumers\/odr\/<\/a>. Der Verk\u00e4ufer ist nicht bereit und nicht verpflichtet, an einem Streitbeilegungsverfahren vor einer Verbraucherschlichtungsstelle teilzunehmen.<\/p>\n<p>11.4. Sollten einzelne Bestimmungen des Vertrages unwirksam oder undurchf\u00fchrbar sein, bleiben die \u00fcbrigen Inhalte des Vertrages davon unber\u00fchrt. An die Stelle der unwirksamen oder undurchf\u00fchrbaren Bestimmung soll eine wirksame und durchf\u00fchrbare Regelung treten, deren Wirkung der wirtschaftlichen Zielsetzung am n\u00e4chsten kommt, die die Vertragsparteien mit der unwirksamen bzw. undurchf\u00fchrbaren Bestimmung verfolgt haben. Nebenabreden zu diesem Vertrag sind keine getroffen worden. \u00c4nderungen oder Erg\u00e4nzungen des Vertrages k\u00f6nnen nur schriftlich erfolgen.<\/p>\n<p>[\/et_pb_text][\/et_pb_column][\/et_pb_row][\/et_pb_section]<\/p>\n","protected":false},"excerpt":{"rendered":"<p>Allgemeine Gesch\u00e4ftsbedingungen 1. Geltungsbereich2. Angebote und Leistungsbeschreibungen3. Bestellvorgang und Vertragsabschluss4. Preise und Versandkosten5. Lieferung, Warenverf\u00fcgbarkeit6. Zahlungsmodalit\u00e4ten7. Eigentumsvorbehalt8. Sachm\u00e4ngelgew\u00e4hrleistung und Garantie9. Haftung10. Speicherung des Vertragstextes11. Schlussbestimmungen 1. Geltungsbereich1.1. F\u00fcr die Gesch\u00e4ftsbeziehung zwischen MagnolioAspekt Tower, Business BayDubaiAE (nachfolgend \u201eVerk\u00e4ufer\u201c) und dem Kunden (nachfolgend \u201eKunde\u201c) gelten ausschlie\u00dflich die nachfolgenden Allgemeinen Gesch\u00e4ftsbedingungen in ihrer zum Zeitpunkt der Bestellung g\u00fcltigen [&hellip;]<\/p>\n","protected":false},"author":1,"featured_media":0,"parent":0,"menu_order":0,"comment_status":"closed","ping_status":"closed","template":"","meta":{"_et_pb_use_builder":"on","_et_pb_old_content":"","_et_gb_content_width":"","footnotes":""},"categories":[2122],"_links":{"self":[{"href":"https:\/\/www.magnolioworld.com\/green-ch\/wp-json\/wp\/v2\/pages\/16"}],"collection":[{"href":"https:\/\/www.magnolioworld.com\/green-ch\/wp-json\/wp\/v2\/pages"}],"about":[{"href":"https:\/\/www.magnolioworld.com\/green-ch\/wp-json\/wp\/v2\/types\/page"}],"author":[{"embeddable":true,"href":"https:\/\/www.magnolioworld.com\/green-ch\/wp-json\/wp\/v2\/users\/1"}],"replies":[{"embeddable":true,"href":"https:\/\/www.magnolioworld.com\/green-ch\/wp-json\/wp\/v2\/comments?post=16"}],"version-history":[{"count":1,"href":"https:\/\/www.magnolioworld.com\/green-ch\/wp-json\/wp\/v2\/pages\/16\/revisions"}],"predecessor-version":[{"id":15026,"href":"https:\/\/www.magnolioworld.com\/green-ch\/wp-json\/wp\/v2\/pages\/16\/revisions\/15026"}],"wp:attachment":[{"href":"https:\/\/www.magnolioworld.com\/green-ch\/wp-json\/wp\/v2\/media?parent=16"}],"wp:term":[{"taxonomy":"category","embeddable":true,"href":"https:\/\/www.magnolioworld.com\/green-ch\/wp-json\/wp\/v2\/categories?post=16"}],"curies":[{"name":"wp","href":"https:\/\/api.w.org\/{rel}","templated":true}]}}